
35
What is the value of (-13 - -36 - (-3 + 7)) + -21 + 26?
24
What is 3 + -1 + 19 + (-49 + 51 - 5)?
18
What is the value of -7 + 4 + -6 - -1?
-8
6 - -2 - (5 - ((-5 - -29) + -9))
18
Evaluate (729 - 770) + (0 - -17).
-24
1 + -16 + 9 + (5 - -4)
3
(-19 + 18 - 13) + -6
-20
What is the value of 7 + (11 - 12) + (2 - 4 - -13)?
17
-98 + 96 - (-2 + -14)
14
Calculate -6 - (8 + -13) - 9 - (-1 + 0).
-9
Evaluate 1 + 18 - (-44 - -3 - -48).
12
What is -22 - (-3 + -6) - -26?
13
Evaluate (3 + 31 + -14 - 7) + -27.
-14
What is 15 + -1 + -14 + 2 + (2 - 4)?
0
What is -53 - (-4 + -31) - -22?
4
What is 7 - (-5 - -1 - (-3 + 11 + -11))?
8
What is the value of -18 - (-1 + -10 - (-8 - (10 - 12)))?
-13
Calculate -4 - (4 + 1 + (-6 - -14) + -4).
-13
What is (-5 + 2 - -8) + -11 - -4?
-2
What is 0 - -10 - (46 + -16) - 2?
-22
What is the value of -1 + -16 - (38 + -20 - 22)?
-13
Calculate -24 + (-4 - -6 - -1 - (-9 + 15)).
-27
What is 3 - (15 - (5 + (10 - (-3 - -6))))?
0
Evaluate -2 - (3 + -8 + -1) - -3.
7
Evaluate -13 + 0 + (7 - (5 - -3)).
-14
What is the value of (22 - -21) + -15 + -57?
-29
Calculate 48 + -14 + -10 - 39.
-15
Evaluate -7 + (2 - (4 + 2)) - (16 + -17).
-10
What is (4 - -2) + 6 + -21 + -1 - -3?
-7
What is -16 + -19 + (17 - 17) - 0?
-35
Calculate -7 + ((1 - -6) + -8 - -4).
-4
Evaluate -3 - (-1 - (8 - 7)).
-1
Evaluate (-28 - -50) + -3 + -47 + -1.
-29
Evaluate 1 - (-2 + -1) - (-42 - -44).
2
Calculate -17 - (27 + -65 + 51).
-30
What is -1 - -10 - (77 + -75)?
7
Calculate 9 + (-7 - 4) - (-5 + -23).
26
Evaluate 2 - (9 + 1 - -9).
-17
Calculate 21 + -4 + 10 + (34 - 36).
25
-36 + (-1 - 5) + 4 + 10
-28
What is (1 - 3) + 11 + 6 + -20?
-5
Evaluate -17 + 10 + -6 + 4.
-9
Evaluate 24 - (-20 + 35) - 19.
-10
What is the value of -17 - -2 - (-2 + -8)?
-5
-7 + (-53 - -27 - -35)
2
What is -1 + 12 - -1 - (-1 - (-23 - -22))?
12
Evaluate 4 - (0 + -4) - (3 + -16).
21
What is 2 + (-3 - -2) - (-1 + -3 + -1)?
6
7 + -7 + 3 + -11
-8
What is -1 + 7 + -20 + (3 - 6) + 2?
-15
Evaluate -22 + -24 + -24 + 95.
25
What is the value of -3 + -7 + 0 + (2 - 2) + 1?
-9
-36 + (-25 - (8 + -38))
-31
What is 5 - (-3 + 2 - (1 + -13 - 7))?
-13
Evaluate (1 - (-1 - 2) - 4) + 2 + 3.
5
Calculate -16 + 50 + -4 - 3.
27
Evaluate (-23 - 2 - -15) + (9 - 0).
-1
Calculate -2 - -13 - (-13 - (-19 - 14)).
-9
-7 - (-7 - -3 - 0 - 2)
-1
-1131 + 1120 - (0 + (0 - 25))
14
Calculate -14 - (2 + (30 - (33 + -16))).
-29
Evaluate -17 + (0 - 7 - (84 - 84)).
-24
(164 - 175) + 5 + 4 + -2 - -9
5
-32 - (-24 + -2) - (-21 - -1)
14
What is 16 + -1 + -8 + -17?
-10
What is the value of (-33 - -7) + 44 + -30?
-12
Evaluate 28 - (29 - -28) - -33.
4
1 + 2 + (-1 - 10 - -1) + 1
-6
Evaluate -8 + (5 + -13 + 12 - -11).
7
Calculate 6 - 18 - -15 - -3.
6
What is 9 - (30 - 8) - -8?
-5
(-10 - (-14 - -12 - (1 - 3))) + 6
-4
-5 + ((5 - 2) + -5 - (24 + -11))
-20
What is the value of 14 - (-20 + 35) - 3 - 18?
-22
(-5 - -4) + 0 + -5 - -3
-3
(9 - 10) + 12 + -17
-6
Evaluate -1 + 21 - (227 + -197).
-10
What is the value of 4 - ((1 + 2 - -4) + 7 + -1)?
-9
Calculate -4 + 10 - (3 + 14 + -7 + -6).
2
Calculate (2 + -9 - -11) + (-1 - (-11 + -2)).
16
Evaluate 6 + 9 - (54 + -41).
2
-6 - -5 - (-6 - (-8 + 14))
11
Calculate 16 - (3 + 4) - 15 - -13.
7
(-1 - -7 - -1) + (-14 - -6) - -11
10
Calculate -6 - (1 + (5 - (0 + -3 + 0))).
-15
What is the value of -24 - -4 - -17 - -19?
16
What is the value of 8 - (15 + -17 + -7 + 3)?
14
-5 - (-17 + 5 + 19)
-12
Calculate (-18 + 16 - -5) + 11 + 0.
14
What is the value of -13 + 53 - (7 + -13 + 8)?
38
What is the value of -40 + 19 + 0 + -7 + 13?
-15
11 + -20 + 2 - (-8 + 2) - -3
2
What is -1 + -8 + -4 + -9 + 7?
-15
What is (-1 - -5) + -1 + 1 - (-42 - -35)?
11
Calculate 9 + 4 + -8 + -13 + 12.
4
What is the value of 1 - -1 - (78 - 92)?
16
Calculate -88 + 149 + -4 + -35.
22
-37 - (-51 - (0 + -24))
-10
Calculate 4 + 10 + (0 - 7).
7
Evaluate -23 + 44 - (10 + 34).
-23
-11 + -7 + -3 + 13 + 21
13
3 - (2 + 8 + -12 + -1)
6
What is the value of 7 - (-3 + -23 + 1)?
32
Evaluate 15 - 12 - (11 - 0).
-8
Evaluate (6 + 1 - (249 + -250)) + (-33 - 1).
-26
What is -10 + 11 + (-10 - -1)?
-8
-13 + (-14 + 49 - 6) + 2
18
Calculate (-2 - -6 - (1 - 3)) + (-60 - -45).
-9
What is (4 - -3) + 27 + -35?
-1
Evaluate (-8 - -1) + 12 + -24 + -3.
-22
What is -2 + (14 - (15 - 13)) + 13?
23
Evaluate (-2 - -2 - -6 - (17 + -10)) + -6.
-7
What is the value of -5 + (23 - 3 - -4) + (0 - 6)?
13
What is (-2 - 4) + (4 - -1 - (11 + -6))?
-6
What is the value of -12 + (-4 - (-5 + 0)) - (-17 - -1)?
5
Calculate -118 - -119 - (0 + -16).
17
What is (-12 - -11) + 15 - 3?
11
-48 - -48 - (7 - -2)
-9
Calculate (205 - 215 - (9 + 2 + -3)) + -3.
-21
What is the value of (42 - 24 - -1) + -11?
8
What is the value of -18 - -1 - -16 - (-27 + -6 + 3)?
29
Evaluate 20 - (-9 + 13 + 2 + -4).
18
Calculate -12 - (7 + -12 - 2) - 12.
-17
Evaluate 5 - (5 - (18 + -31)).
-13
Calculate (12 - (1 - -8)) + -1 - -6.
8
-49 + -11 + 38 + -20 + 12
-30
Evaluate -2 + -2 + -7 + 35 + -5 - 2.
17
Evaluate -7 + (-42 - -23 - (-1 - 10)).
-15
6 - 0 - (12 + -5 + 5 + 6)
-12
What is the value of 8 + -4 + (-9 - (19 - 8))?
-16
What is the value of (54 - 85) + -16 + 48?
1
What is the value of (2 + (-6 - -3) - -4) + 3 + 2?
8
3 + (-25 - -25 - (0 - 4))
7
What is -19 + (-1 - -14) + 15?
9
(-1 - -17) + -29 + 29 + -6
10
Calculate 4 + (15 - 52) + -4 + 10.
-27
Calculate 11 + 4 + 1 + -11.
5
Calculate (0 - 12 - -18) + (-13 - (3 - 5)).
-5
What is the value of 3 + (-1 - -17) - (-93 - -103)?
9
What is the value of -2 + ((1 - -6) + -1 - 10) - 2?
-8
What is the value of (-10 - -56) + -10 + -2 + -9?
25
Calculate -3 + 8 + 6 - (-1 + -17).
29
Evaluate 170 + -151 - (6 - 0).
13
What is the value of -4 - (17 + (2 - 43))?
20
What is -12 + -8 - (-5 + 8 + -14)?
-9
What is the value of (1 + 0 + -1 - 9) + 18?
9
Evaluate (2 + -14 - (1 - 6)) + 26 + -19.
0
Evaluate 16 + (-10 - -1) + -4.
3
Calculate -32 - -25 - -16 - (9 + 1 - -3).
-4
What is -5 - ((-6 - (0 + -3)) + 0) - -14?
12
Calculate (-28 - -26) + 5 - (0 + -1 + -1).
5
What is the value of (-2 - 7) + 23 + -18?
-4
What is -2 + 7 + -21 + 11?
-5
What is -19 - ((23 - 24) + -8)?
-10
What is -3 + (-14 - 17) - -11?
-23
What is the value of -11 - (25 + -52 - -45)?
-29
Evaluate -127 + 140 - (9 - 0 - -1).
3
Calculate (3 - 1) + -10 + 13 + 15 + -12.
8
Evaluate 17 + (11 - (17 - 4) - 16).
-1
Evaluate (20 - 14 - 3) + -7.
-4
What is (-14 - 0) + -12 + -19 + 19 + 9?
-17
Evaluate 41 + 6 + -33 - ((-2 - 1) + 4).
13
-6 - ((-28 + 23 - (0 - 2)) + -2)
-1
(1 - (1 - (-15 - -14))) + -21
-22
Evaluate 9 + (10 + -5 + 3 - 7).
10
(2 - (1 - -4)) + 3 + -5 + 1
-4
14 - (-3 + -3 - -6) - 1 - 0
13
What is 6 - (-7 - (7 + -7) - -35) - -6?
-16
-13 + (-10 - (-11 + 6 + 3 + -9))
-12
What is the value of -25 - ((-5 - (11 + -15)) + -11)?
-13
Calculate 6 + 0 + (7 - -1) + (90 - 98).
6
What is -80 - -95 - (48 + -4 + 6)?
-35
What is (0 - (3 - 8 - -1)) + -6 - 4?
-6
Calculate -14 + -13 + 40 - (0 + -2).
15
15 - (22 + 7) - 6
-20
14 + (8 - (-5 - -17))
10
(-100 + 56 - (-1 - -2 - 2)) + 6
-37
Calculate (1 - -5) + -30 + 18 + -3 + -1.
-10
What is the value of (-2 + 23 - 27) + 1?
-5
Calculate (-6 - -2) + 16 + (2 - 7) + 1.
8
Evaluate -9 + 2 + 11 + (-5 - 15).
-16
Calculate (-7 - -1) + -13 + 17.
-2
What is the value of (-4 - -4) + 1 + (2 - -3) + 6?
12
What is the value of -2 + (1 - (-2 + 0 - (-17 - -18)))?
2
Calculate -45 + (-71 + 36 - -106).
26
What is the value of -21 - (-4 + -1 + -17)?
1
What is (7 - 1 - (-15 + 46 + -32)) + -5?
2
What is -3 + -18 + (-37 - -53)?
-5
What is the value of -3 + (11 - 29 - -15)?
-6
Calculate 5 + -1 - (-15 - (32 - 46)).
5
14 + (15 + -21 - 4)
4
-6 - (-11 + 32 + (4 - (-1 + 4)))
-28
What is the value of -21 + 2 + 0 - (-41 - (-81 - -40))?
-19
What is 1 + 9 + -6 - (-6 - -1) - -14?
23
What is 3 - (-6 + 6 + 5) - (2 + -8)?
4
Calculate -2 + -19 + (-3 + 23 - 8 - 7).
-16
Evaluate (15 - 6) + (-29 - (3 + -8) - 6).
-21
Evaluate 0 + (1 - (2 - 3 - 2)) + -3.
1
What is -1 + 28 + 1 - (686 + -678)?
20
Calculate 4 - (20 - 12) - (3 - 9).
2
Evaluate (-31 - -65) + 6 + -17.
23
19 + (-24 - -27) + 3
25
Evaluate 5 + 11 + 2 + -13 + (1 - 26).
-20
-6 + 3 + -6 + (4 - 2) - -15
8
Calculate (0 - (-10 - -17 - 0)) + 20.
13
What is the value of 3 + (0 - 0) - (2 - (2 + -16))?
-13
Calculate (14 - -5) + 11 + -28.
2
(0 - (2 - 0)) + 1 + 2 + -12
-11
What is the value of -1 + 6 + (-12 - 2) + 6 + -5?